
3
Let i be (-16)/10*(-35)/14. Suppose 15 = i*u + u. Suppose 3*m - u*j - 82 = -10, 5*j = 3*m - 80. What is the tens digit of m?
2
Suppose 62*a - 54363 = 138891. What is the tens digit of a?
1
Let z = -16 + 2. Let m be z - (-4 + (-3 - -10)). Let t = 28 + m. What is the tens digit of t?
1
Let i = 723 - 720. Let m(y) = y**3 + 6*y**2 + y + 1. Let a be m(-4). Let o = a + i. What is the tens digit of o?
3
Let x(w) = w**2 + 2*w - 4. Let h be x(0). Let q = h - -13. Let g = 24 - q. What is the tens digit of g?
1
Let o(t) = t**2 + t. Let b be o(-1). Suppose -5*w + 67 + 138 = b. What is the units digit of w?
1
Suppose 8*i + 3*i - 1177 = 0. Suppose 3*w = i + 52. What is the tens digit of w?
5
Suppose 2*f - 2 = a, -5*f = -8 - 2. Suppose -q + 2*d - 4*d + 11 = 0, a*d + 4 = 2*q. Suppose 7*h - 2*h - 120 = -q*c, 63 = 2*h + 5*c. What is the tens digit of h?
1
Suppose 678*l = 704*l - 154310. What is the hundreds digit of l?
9
Let l = 16 + -15. What is the units digit of l - (-1239)/6 - 17/(-34)?
8
Let k = 742 - -237. Suppose 181 + k = 4*x. What is the tens digit of x?
9
Suppose 5*t - 15 = -x, -4*x + 175 = x + 5*t. What is the tens digit of x?
4
Let k(f) = 4*f**2 - 66*f + 587. What is the tens digit of k(9)?
1
Let m be (-1 - 20/12)*-3. Suppose 24 = 5*h - 2*y, -2*y + m = -2*h + 5*h. Suppose 2*w - h*w = b - 87, -4*b = -4*w + 144. What is the tens digit of w?
4
Let t(x) = x + 13*x - 16 - 2*x. What is the hundreds digit of t(17)?
1
Let n = -1692 + 2992. What is the thousands digit of n?
1
Let k = -381 - -627. What is the tens digit of k?
4
Let k = -952 + 1620. What is the hundreds digit of k?
6
Let z(a) = -4*a - 10. Let w(t) = 3*t + 10. Let v(o) = 6*w(o) + 5*z(o). Let q be v(-8). Suppose 4*r - q = 18. What is the units digit of r?
1
Let s be (-4)/(-6)*3/2. Let j be 34/(-4)*4*s. Let b = j - -47. What is the units digit of b?
3
Suppose 62 = 5*v - 0*w - w, -2*w = 3*v - 32. Suppose 15*l = -17*l - 352. Let f = l + v. What is the units digit of f?
1
Let s(l) = -l**3 - 3*l**2 + 22*l + 11. What is the units digit of s(-9)?
9
Let v = -976 + 2420. What is the thousands digit of v?
1
Let r(m) = m**3 - m**2 + 2*m - 2. Let q be r(3). Let t be (-2 - -4)*((-25)/(-10) - 2). What is the tens digit of (q - (0 + 1))*t?
2
Let b = 250 - 251. Let k(c) = -32*c**3 + 2*c**2 - 17*c**3 + 0*c**2 + 1 + 2*c. What is the units digit of k(b)?
0
Suppose -4*q + q = -9. Let o be 0 - ((-27)/(-3))/q. What is the units digit of (1*o)/((-3)/12)?
2
Suppose 0 = 3*h - 3*b - 4074, 8*h - 2*b + 4089 = 11*h. What is the units digit of h?
1
Let s(n) = 32*n**2 + 22*n - 215. What is the hundreds digit of s(9)?
5
Let u(f) = 14*f**3 - f**2 - 8*f - 2. Let h = -161 + 164. What is the hundreds digit of u(h)?
3
Suppose -550 = 2*a - 2*i, 315 = -2*a + 4*i - 225. Let w = a - -557. What is the units digit of w?
7
Let f be (-1)/((-77)/39 + 2). Suppose z + 3*k - 22 = 0, 4*z - 9*z = 2*k - 45. Let o = z - f. What is the tens digit of o?
4
Let v be (-2)/12 + 430/60. Let s = v - -14. What is the units digit of s?
1
Let f be (-91884)/(-108) + 2/9. Suppose 5*l = -5*o + 2*l + f, -o + 160 = 4*l. What is the tens digit of o?
7
Suppose 0 = -4*x + 14 + 6. Suppose -x*h + 7*h - 286 = 0. What is the units digit of h?
3
What is the units digit of 4 - (6778/(-15) - (-2)/(-15))?
6
Let w be (4 - -8)/((-2)/(-50)). Suppose 2*o = -3*o + w. What is the tens digit of o?
6
Let v(r) = -r**3 + 11*r**2 - 8*r + 8. Let p be v(10). Let u = p - 5. What is the tens digit of u?
2
Let l(a) be the first derivative of 3*a**3/2 + a**2/2 + 7*a + 5. Let v(d) be the first derivative of l(d). What is the tens digit of v(4)?
3
What is the tens digit of (-9 - (-15380)/30)*3?
1
What is the hundreds digit of (5/20)/1 + 84186/24?
5
Let g(m) = 38*m**2 - 2 - 41*m**2 - 5*m + 10*m + 8*m**3. What is the units digit of g(2)?
0
Let t = -4 - -7. Suppose 4*y - o = 235, -6*y = -t*y + 3*o - 180. What is the tens digit of y?
5
Suppose 6*g - 7*g = 4. Suppose 66 = 2*z - 5*z. What is the tens digit of z*2/(g/2)?
2
Let d(a) = 2*a + 18. Let r be d(-8). Suppose -r*c + 4*j = -120, j - 245 = -5*c - 0*j. What is the units digit of c?
0
Suppose -4*d + 91*l - 90*l + 670 = 0, -5*d - l + 833 = 0. What is the hundreds digit of d?
1
Let n(p) = -2*p - 3 - 2*p - 1 + 2. Let i be n(-15). Suppose 77 = 5*x - i. What is the tens digit of x?
2
Suppose 4*z = -4*u + 212, 43 = u - 5*z - 22. Suppose -5 = v - u. What is the units digit of v?
0
Let j(u) = u. Let f be j(-10). Let v = f + -36. What is the tens digit of (7 - 9)/(4/v)?
2
Suppose -429 = q - 508. What is the tens digit of q?
7
What is the hundreds digit of 39*(-3)/(-9)*181?
3
Let y = 26 - 15. Let o(n) = -n**3 + 10*n**2 + 16*n + 3. Let f be o(y). Suppose -f = -2*d - 14. What is the units digit of d?
2
Suppose 0 = -q - 5*f + 4723, -5*f = 4*q - 9*q + 23675. What is the tens digit of q?
3
Let x(y) = -2*y + 19. Suppose -2*v - 25 = -5*w, 0 = -w + 3*w + 4*v - 34. Let s be x(w). Suppose -s*t = -4*n - 0*n - 58, 6 = -3*n. What is the tens digit of t?
1
Let o(a) = 34*a**3 - a. Let j be o(1). Suppose -30*r = -j*r + 981. What is the hundreds digit of r?
3
Let k(n) = 4*n - 36. Let d be k(9). Suppose d = 9*o - 14*o + 350. What is the units digit of o?
0
Let z = 18 - 13. Suppose -z*f + 34 = 5*d - 16, -8 = -4*d. What is the units digit of f?
8
Let y = 31 + -26. What is the units digit of (35 - 2)*y/(60/16)?
4
Suppose -f + 6 = -u, -3*u - 2*u + f - 34 = 0. Let v(g) = -4*g - 8. Let p be v(u). Let k = 2 + p. What is the units digit of k?
2
Let u = -4485 - -8533. What is the units digit of u?
8
Let k = 4 + -2. Suppose l + k = -4. What is the tens digit of (-6)/l + (24 - 1)?
2
Suppose 4*k = 55 + 1. Suppose 3*o - 5*q = -3*q + 8, 0 = o + 5*q - k. Suppose -2*w + 52 = -8*r + 3*r, 4*w - 48 = -o*r. What is the units digit of w?
6
Suppose -5*o + o = -24. Let g be 19/o + 4/(-24). What is the tens digit of 12*5 - (-3)/g?
6
What is the units digit of (-4)/(-14) - 101082/(-238)?
5
Suppose -13*m + 9*m = -216. Let c = 49 + m. What is the hundreds digit of c?
1
Suppose -14 + 18 = -4*d. Let j be (-42)/(-14)*(d + 2). Suppose 0 = v + j*v - 48. What is the tens digit of v?
1
Let i(l) = 19*l**2 + 17*l - 128. What is the thousands digit of i(9)?
1
Let d be 2/(-3) + 1554/(-18). Let k = -62 - d. Let w = k + -14. What is the tens digit of w?
1
Suppose -5*q = -i - 5, -4*q + 4*i - i = -15. Suppose g + q = 2*m + 1, 0 = -g + m + 2. Suppose 82 = g*d - d. What is the units digit of d?
1
Let z = -15 + 19. Let u be 45/6*z/(-5). What is the tens digit of 224/6 - (-2)/u?
3
Let w = -15 - -15. Let m(r) = 2*r + 31. What is the tens digit of m(w)?
3
Suppose 997 - 29 = 4*g. Let r = -160 + g. What is the tens digit of r?
8
Let w(z) = z**2 + 5*z - 2. Let o be w(-6). Suppose 11*a = 10*a - o. What is the units digit of 1/4 + (-19)/a?
5
Suppose -3*z - 2*z - f - 171 = 0, 2*z = f - 74. Let s = z + 43. What is the units digit of s?
8
Suppose -4*k + 3*g = 4*g - 39, 0 = -k - 5*g + 24. Let r(m) = 2 - 10 + 5*m + 16 + 1. What is the tens digit of r(k)?
5
Let p(f) = -2*f**3 + 19*f**2 + 5*f - 45. What is the thousands digit of p(-8)?
2
Suppose -248*j - 59600 = -264*j. What is the thousands digit of j?
3
Let f(k) = -10*k + 6. Let c be f(-15). Suppose 0 = 5*w + 3*m + 152, 2*m = -5*w - 2*m - c. Let g = w + 42. What is the units digit of g?
4
Suppose -28 = -4*d - 12. Suppose 25 = 5*l, -d*i + 264 = -4*l + 64. What is the units digit of i?
5
Let j be ((-4)/6)/(4/12). Let o be (1 + -2)/(j/106). Let s = o + -22. What is the units digit of s?
1
Suppose 46 = 5*p - 4*n, -3*p + 22 = -0*p - n. Suppose -p = m + 2*g, 0 = 3*m + 4*g - 2*g - 2. Let l(d) = 6*d + 8. What is the tens digit of l(m)?
3
Suppose 0*c - 5*c = 0. Suppose 0 = 2*j - c*j - 138. What is the tens digit of j?
6
Let y = 587 + -279. What is the hundreds digit of y?
3
Let p = 20 + -38. Let s = p + 31. Suppose -2*t + s = 1. What is the units digit of t?
6
Suppose -4*r = -39 - 21. Suppose 7*u = r*u - 960. What is the units digit of u?
0
Let d = 4 + 1. Let q(v) = 3*v**2 - 21*v - 11. Let k(m) = -m**2 + 7*m + 4. Let i(s) = -17*k(s) - 6*q(s). What is the units digit of i(d)?
8
Let w(l) = l. Let y be w(2). Suppose -5*q - 62 = -y*p + 20, 4*q + 152 = 4*p. Let m = -17 + p. What is the units digit of m?
9
Let x(y) = -30*y + 2. Let r be x(2). Let d = 16 - r. What is the tens digit of d?